{"id":1728,"date":"2025-03-06T14:50:28","date_gmt":"2025-03-06T13:50:28","guid":{"rendered":"http:\/\/hmondeg.cluster100.hosting.ovh.net\/?page_id=1728"},"modified":"2025-03-06T14:59:38","modified_gmt":"2025-03-06T13:59:38","slug":"mentions-legales","status":"publish","type":"page","link":"https:\/\/groupegh.com\/mentions-legales\/","title":{"rendered":"Mentions l\u00e9gales"},"content":{"rendered":"\t\t<div data-elementor-type=\"wp-page\" data-elementor-id=\"1728\" class=\"elementor elementor-1728\">\n\t\t\t\t<div class=\"elementor-element elementor-element-9e73f98 e-flex e-con-boxed e-con e-parent\" data-id=\"9e73f98\" data-element_type=\"container\" data-e-type=\"container\">\n\t\t\t\t\t<div class=\"e-con-inner\">\n\t\t\t\t<div class=\"elementor-element elementor-element-6dfade1 elementor-widget elementor-widget-spacer\" data-id=\"6dfade1\" data-element_type=\"widget\" data-e-type=\"widget\" data-widget_type=\"spacer.default\">\n\t\t\t\t<div class=\"elementor-widget-container\">\n\t\t\t\t\t\t\t<div class=\"elementor-spacer\">\n\t\t\t<div class=\"elementor-spacer-inner\"><\/div>\n\t\t<\/div>\n\t\t\t\t\t\t<\/div>\n\t\t\t\t<\/div>\n\t\t\t\t\t<\/div>\n\t\t\t\t<\/div>\n\t\t<div class=\"elementor-element elementor-element-44596b0 e-flex e-con-boxed e-con e-parent\" data-id=\"44596b0\" data-element_type=\"container\" data-e-type=\"container\">\n\t\t\t\t\t<div class=\"e-con-inner\">\n\t\t\t\t<div class=\"elementor-element elementor-element-7f8221e elementor-widget elementor-widget-heading\" data-id=\"7f8221e\" data-element_type=\"widget\" data-e-type=\"widget\" data-widget_type=\"heading.default\">\n\t\t\t\t<div class=\"elementor-widget-container\">\n\t\t\t\t\t<h2 class=\"elementor-heading-title elementor-size-default\">Mentions l\u00e9gales<\/h2>\t\t\t\t<\/div>\n\t\t\t\t<\/div>\n\t\t\t\t\t<\/div>\n\t\t\t\t<\/div>\n\t\t<div class=\"elementor-element elementor-element-8bb125e e-flex e-con-boxed e-con e-parent\" data-id=\"8bb125e\" data-element_type=\"container\" data-e-type=\"container\" data-settings=\"{&quot;background_background&quot;:&quot;classic&quot;}\">\n\t\t\t\t\t<div class=\"e-con-inner\">\n\t\t\t\t<div class=\"elementor-element elementor-element-ec95146 elementor-widget elementor-widget-text-editor\" data-id=\"ec95146\" data-element_type=\"widget\" data-e-type=\"widget\" data-widget_type=\"text-editor.default\">\n\t\t\t\t<div class=\"elementor-widget-container\">\n\t\t\t\t\t\t\t\t\t<p>En vertu de l&rsquo;article 6 de la loi n\u00b02004-575 du 21 juin 2004 pour la confiance dans l&rsquo;\u00e9conomie num\u00e9rique, les utilisateurs du site www.groupegh.com sont inform\u00e9s de l&rsquo;identit\u00e9 de ses intervenants.<\/p><p><strong>Propri\u00e9taire :\u00a0<\/strong><br \/>Groupe GH au capital de 74\u202f670,00 \u20ac, 5, Quai de la Sa\u00f4ne &#8211; 76 600 LE AHVRE<\/p><p><strong>Cr\u00e9ateur :<\/strong>\u00a0<br \/>Groupe GH\u00a0<\/p><p><strong>Responsable publication<\/strong> :\u00a0<br \/>Xavier Tholmer\u00a0<br \/>Le responsable publication est une personne physique<\/p><p><strong>Webmaster :<\/strong>\u00a0<br \/>Groupe GH<\/p><p><strong>H\u00e9bergeur :<\/strong>\u00a0<br \/><span style=\"font-size: 16px; font-style: inherit; color: #363c3c; text-align: var(--text-align);\">OVH, 140 Quai du Sartel, 59100 Roubaix<\/span><\/p>\t\t\t\t\t\t\t\t<\/div>\n\t\t\t\t<\/div>\n\t\t\t\t\t<\/div>\n\t\t\t\t<\/div>\n\t\t\t\t<\/div>\n\t\t","protected":false},"excerpt":{"rendered":"<p>Mentions l\u00e9gales En vertu de l&rsquo;article 6 de la loi n\u00b02004-575 du 21 juin 2004 pour la confiance dans l&rsquo;\u00e9conomie [&hellip;]<\/p>\n","protected":false},"author":1,"featured_media":0,"parent":0,"menu_order":0,"comment_status":"closed","ping_status":"closed","template":"","meta":{"site-sidebar-layout":"no-sidebar","site-content-layout":"","ast-site-content-layout":"full-width-container","site-content-style":"default","site-sidebar-style":"default","ast-global-header-display":"","ast-banner-title-visibility":"","ast-main-header-display":"","ast-hfb-above-header-display":"","ast-hfb-below-header-display":"","ast-hfb-mobile-header-display":"","site-post-title":"disabled","ast-breadcrumbs-content":"","ast-featured-img":"disabled","footer-sml-layout":"","ast-disable-related-posts":"","theme-transparent-header-meta":"","adv-header-id-meta":"","stick-header-meta":"","header-above-stick-meta":"","header-main-stick-meta":"","header-below-stick-meta":"","astra-migrate-meta-layouts":"default","ast-page-background-enabled":"default","ast-page-background-meta":{"desktop":{"background-color":"var(--ast-global-color-5)","background-image":"","background-repeat":"repeat","background-position":"center center","background-size":"auto","background-attachment":"scroll","background-type":"","background-media":"","overlay-type":"","overlay-color":"","overlay-opacity":"","overlay-gradient":""},"tablet":{"background-color":"","background-image":"","background-repeat":"repeat","background-position":"center center","background-size":"auto","background-attachment":"scroll","background-type":"","background-media":"","overlay-type":"","overlay-color":"","overlay-opacity":"","overlay-gradient":""},"mobile":{"background-color":"","background-image":"","background-repeat":"repeat","background-position":"center center","background-size":"auto","background-attachment":"scroll","background-type":"","background-media":"","overlay-type":"","overlay-color":"","overlay-opacity":"","overlay-gradient":""}},"ast-content-background-meta":{"desktop":{"background-color":"var(--ast-global-color-4)","background-image":"","background-repeat":"repeat","background-position":"center center","background-size":"auto","background-attachment":"scroll","background-type":"","background-media":"","overlay-type":"","overlay-color":"","overlay-opacity":"","overlay-gradient":""},"tablet":{"background-color":"var(--ast-global-color-4)","background-image":"","background-repeat":"repeat","background-position":"center center","background-size":"auto","background-attachment":"scroll","background-type":"","background-media":"","overlay-type":"","overlay-color":"","overlay-opacity":"","overlay-gradient":""},"mobile":{"background-color":"var(--ast-global-color-4)","background-image":"","background-repeat":"repeat","background-position":"center center","background-size":"auto","background-attachment":"scroll","background-type":"","background-media":"","overlay-type":"","overlay-color":"","overlay-opacity":"","overlay-gradient":""}},"footnotes":""},"class_list":["post-1728","page","type-page","status-publish","hentry"],"yoast_head":"<!-- This site is optimized with the Yoast SEO plugin v26.9 - https:\/\/yoast.com\/product\/yoast-seo-wordpress\/ -->\n<title>Mentions l\u00e9gales - Groupe GH<\/title>\n<meta name=\"robots\" content=\"index, follow, max-snippet:-1, max-image-preview:large, max-video-preview:-1\" \/>\n<link rel=\"canonical\" href=\"https:\/\/groupegh.com\/mentions-legales\/\" \/>\n<meta property=\"og:locale\" content=\"fr_FR\" \/>\n<meta property=\"og:type\" content=\"article\" \/>\n<meta property=\"og:title\" content=\"Mentions l\u00e9gales - Groupe GH\" \/>\n<meta property=\"og:description\" content=\"Mentions l\u00e9gales En vertu de l&rsquo;article 6 de la loi n\u00b02004-575 du 21 juin 2004 pour la confiance dans l&rsquo;\u00e9conomie [&hellip;]\" \/>\n<meta property=\"og:url\" content=\"https:\/\/groupegh.com\/mentions-legales\/\" \/>\n<meta property=\"og:site_name\" content=\"Groupe GH\" \/>\n<meta property=\"article:modified_time\" content=\"2025-03-06T13:59:38+00:00\" \/>\n<meta name=\"twitter:card\" content=\"summary_large_image\" \/>\n<meta name=\"twitter:label1\" content=\"Dur\u00e9e de lecture estim\u00e9e\" \/>\n\t<meta name=\"twitter:data1\" content=\"1 minute\" \/>\n<script type=\"application\/ld+json\" class=\"yoast-schema-graph\">{\"@context\":\"https:\/\/schema.org\",\"@graph\":[{\"@type\":\"WebPage\",\"@id\":\"https:\/\/groupegh.com\/mentions-legales\/\",\"url\":\"https:\/\/groupegh.com\/mentions-legales\/\",\"name\":\"Mentions l\u00e9gales - Groupe GH\",\"isPartOf\":{\"@id\":\"https:\/\/groupegh.com\/#website\"},\"datePublished\":\"2025-03-06T13:50:28+00:00\",\"dateModified\":\"2025-03-06T13:59:38+00:00\",\"breadcrumb\":{\"@id\":\"https:\/\/groupegh.com\/mentions-legales\/#breadcrumb\"},\"inLanguage\":\"fr-FR\",\"potentialAction\":[{\"@type\":\"ReadAction\",\"target\":[\"https:\/\/groupegh.com\/mentions-legales\/\"]}]},{\"@type\":\"BreadcrumbList\",\"@id\":\"https:\/\/groupegh.com\/mentions-legales\/#breadcrumb\",\"itemListElement\":[{\"@type\":\"ListItem\",\"position\":1,\"name\":\"Accueil\",\"item\":\"https:\/\/groupegh.com\/\"},{\"@type\":\"ListItem\",\"position\":2,\"name\":\"Mentions l\u00e9gales\"}]},{\"@type\":\"WebSite\",\"@id\":\"https:\/\/groupegh.com\/#website\",\"url\":\"https:\/\/groupegh.com\/\",\"name\":\"Groupe GH\",\"description\":\"\",\"publisher\":{\"@id\":\"https:\/\/groupegh.com\/#organization\"},\"potentialAction\":[{\"@type\":\"SearchAction\",\"target\":{\"@type\":\"EntryPoint\",\"urlTemplate\":\"https:\/\/groupegh.com\/?s={search_term_string}\"},\"query-input\":{\"@type\":\"PropertyValueSpecification\",\"valueRequired\":true,\"valueName\":\"search_term_string\"}}],\"inLanguage\":\"fr-FR\"},{\"@type\":\"Organization\",\"@id\":\"https:\/\/groupegh.com\/#organization\",\"name\":\"Groupe GH\",\"url\":\"https:\/\/groupegh.com\/\",\"logo\":{\"@type\":\"ImageObject\",\"inLanguage\":\"fr-FR\",\"@id\":\"https:\/\/groupegh.com\/#\/schema\/logo\/image\/\",\"url\":\"https:\/\/groupegh.com\/wp-content\/uploads\/2025\/03\/LOGO-GROUPE-FULL-BLANC.png\",\"contentUrl\":\"https:\/\/groupegh.com\/wp-content\/uploads\/2025\/03\/LOGO-GROUPE-FULL-BLANC.png\",\"width\":1874,\"height\":650,\"caption\":\"Groupe GH\"},\"image\":{\"@id\":\"https:\/\/groupegh.com\/#\/schema\/logo\/image\/\"}}]}<\/script>\n<!-- \/ Yoast SEO plugin. -->","yoast_head_json":{"title":"Mentions l\u00e9gales - Groupe GH","robots":{"index":"index","follow":"follow","max-snippet":"max-snippet:-1","max-image-preview":"max-image-preview:large","max-video-preview":"max-video-preview:-1"},"canonical":"https:\/\/groupegh.com\/mentions-legales\/","og_locale":"fr_FR","og_type":"article","og_title":"Mentions l\u00e9gales - Groupe GH","og_description":"Mentions l\u00e9gales En vertu de l&rsquo;article 6 de la loi n\u00b02004-575 du 21 juin 2004 pour la confiance dans l&rsquo;\u00e9conomie [&hellip;]","og_url":"https:\/\/groupegh.com\/mentions-legales\/","og_site_name":"Groupe GH","article_modified_time":"2025-03-06T13:59:38+00:00","twitter_card":"summary_large_image","twitter_misc":{"Dur\u00e9e de lecture estim\u00e9e":"1 minute"},"schema":{"@context":"https:\/\/schema.org","@graph":[{"@type":"WebPage","@id":"https:\/\/groupegh.com\/mentions-legales\/","url":"https:\/\/groupegh.com\/mentions-legales\/","name":"Mentions l\u00e9gales - Groupe GH","isPartOf":{"@id":"https:\/\/groupegh.com\/#website"},"datePublished":"2025-03-06T13:50:28+00:00","dateModified":"2025-03-06T13:59:38+00:00","breadcrumb":{"@id":"https:\/\/groupegh.com\/mentions-legales\/#breadcrumb"},"inLanguage":"fr-FR","potentialAction":[{"@type":"ReadAction","target":["https:\/\/groupegh.com\/mentions-legales\/"]}]},{"@type":"BreadcrumbList","@id":"https:\/\/groupegh.com\/mentions-legales\/#breadcrumb","itemListElement":[{"@type":"ListItem","position":1,"name":"Accueil","item":"https:\/\/groupegh.com\/"},{"@type":"ListItem","position":2,"name":"Mentions l\u00e9gales"}]},{"@type":"WebSite","@id":"https:\/\/groupegh.com\/#website","url":"https:\/\/groupegh.com\/","name":"Groupe GH","description":"","publisher":{"@id":"https:\/\/groupegh.com\/#organization"},"potentialAction":[{"@type":"SearchAction","target":{"@type":"EntryPoint","urlTemplate":"https:\/\/groupegh.com\/?s={search_term_string}"},"query-input":{"@type":"PropertyValueSpecification","valueRequired":true,"valueName":"search_term_string"}}],"inLanguage":"fr-FR"},{"@type":"Organization","@id":"https:\/\/groupegh.com\/#organization","name":"Groupe GH","url":"https:\/\/groupegh.com\/","logo":{"@type":"ImageObject","inLanguage":"fr-FR","@id":"https:\/\/groupegh.com\/#\/schema\/logo\/image\/","url":"https:\/\/groupegh.com\/wp-content\/uploads\/2025\/03\/LOGO-GROUPE-FULL-BLANC.png","contentUrl":"https:\/\/groupegh.com\/wp-content\/uploads\/2025\/03\/LOGO-GROUPE-FULL-BLANC.png","width":1874,"height":650,"caption":"Groupe GH"},"image":{"@id":"https:\/\/groupegh.com\/#\/schema\/logo\/image\/"}}]}},"_links":{"self":[{"href":"https:\/\/groupegh.com\/wp-json\/wp\/v2\/pages\/1728","targetHints":{"allow":["GET"]}}],"collection":[{"href":"https:\/\/groupegh.com\/wp-json\/wp\/v2\/pages"}],"about":[{"href":"https:\/\/groupegh.com\/wp-json\/wp\/v2\/types\/page"}],"author":[{"embeddable":true,"href":"https:\/\/groupegh.com\/wp-json\/wp\/v2\/users\/1"}],"replies":[{"embeddable":true,"href":"https:\/\/groupegh.com\/wp-json\/wp\/v2\/comments?post=1728"}],"version-history":[{"count":7,"href":"https:\/\/groupegh.com\/wp-json\/wp\/v2\/pages\/1728\/revisions"}],"predecessor-version":[{"id":1738,"href":"https:\/\/groupegh.com\/wp-json\/wp\/v2\/pages\/1728\/revisions\/1738"}],"wp:attachment":[{"href":"https:\/\/groupegh.com\/wp-json\/wp\/v2\/media?parent=1728"}],"curies":[{"name":"wp","href":"https:\/\/api.w.org\/{rel}","templated":true}]}}